[INFO] cloning repository https://github.com/Sheyne/quoridor
[INFO] running `Command { std: "git" "-c" "credential.helper=" "-c" "credential.helper=/workspace/cargo-home/bin/git-credential-null" "clone" "--bare" "https://github.com/Sheyne/quoridor" "/workspace/cache/git-repos/https%3A%2F%2Fgithub.com%2FSheyne%2Fquoridor", kill_on_drop: false }`
[INFO] [stderr] Cloning into bare repository '/workspace/cache/git-repos/https%3A%2F%2Fgithub.com%2FSheyne%2Fquoridor'...
[INFO] running `Command { std: "git" "rev-parse" "HEAD", kill_on_drop: false }`
[INFO] [stdout] 42cc5531cb0f39fcae4b44c4363b462a98fdcd6b
[INFO] checking Sheyne/quoridor against master#e6e4f7ed1589e03bc2f6c5931c1a72e7947e8682 for beta-170-4
[INFO] running `Command { std: "git" "clone" "/workspace/cache/git-repos/https%3A%2F%2Fgithub.com%2FSheyne%2Fquoridor" "/workspace/builds/worker-0-tc2/source", kill_on_drop: false }`
[INFO] [stderr] Cloning into '/workspace/builds/worker-0-tc2/source'...
[INFO] [stderr] done.
[INFO] validating manifest of git repo https://github.com/Sheyne/quoridor on toolchain e6e4f7ed1589e03bc2f6c5931c1a72e7947e8682
[INFO] running `Command { std: CARGO_HOME="/workspace/cargo-home" RUSTUP_HOME="/workspace/rustup-home" "/workspace/cargo-home/bin/cargo" "+e6e4f7ed1589e03bc2f6c5931c1a72e7947e8682" "metadata" "--manifest-path" "Cargo.toml" "--no-deps", kill_on_drop: false }`
[INFO] started tweaking git repo https://github.com/Sheyne/quoridor
[INFO] finished tweaking git repo https://github.com/Sheyne/quoridor
[INFO] tweaked toml for git repo https://github.com/Sheyne/quoridor written to /workspace/builds/worker-0-tc2/source/Cargo.toml
[INFO] crate git repo https://github.com/Sheyne/quoridor already has a lockfile, it will not be regenerated
[INFO] running `Command { std: CARGO_HOME="/workspace/cargo-home" RUSTUP_HOME="/workspace/rustup-home" "/workspace/cargo-home/bin/cargo" "+e6e4f7ed1589e03bc2f6c5931c1a72e7947e8682" "fetch" "--manifest-path" "Cargo.toml", kill_on_drop: false }`
[INFO] [stderr] warning: profiles for the non root package will be ignored, specify profiles at the workspace root:
[INFO] [stderr] package:   /workspace/builds/worker-0-tc2/source/quoridor-wasm/Cargo.toml
[INFO] [stderr] workspace: /workspace/builds/worker-0-tc2/source/Cargo.toml
[INFO] running `Command { std: "docker" "create" "-v" "/var/lib/crater-agent-workspace/builds/worker-0-tc2/target:/opt/rustwide/target:rw,Z" "-v" "/var/lib/crater-agent-workspace/builds/worker-0-tc2/source:/opt/rustwide/workdir:ro,Z" "-v" "/var/lib/crater-agent-workspace/cargo-home:/opt/rustwide/cargo-home:ro,Z" "-v" "/var/lib/crater-agent-workspace/rustup-home:/opt/rustwide/rustup-home:ro,Z" "-e" "SOURCE_DIR=/opt/rustwide/workdir" "-e" "CARGO_TARGET_DIR=/opt/rustwide/target" "-e" "CARGO_HOME=/opt/rustwide/cargo-home" "-e" "RUSTUP_HOME=/opt/rustwide/rustup-home" "-w" "/opt/rustwide/workdir" "-m" "1610612736" "--user" "0:0" "--network" "none" "ghcr.io/rust-lang/crates-build-env/linux@sha256:19e73879b68f455e41552ea35293514db52ea292d993f571636dbffedb77a1ee" "/opt/rustwide/cargo-home/bin/cargo" "+e6e4f7ed1589e03bc2f6c5931c1a72e7947e8682" "metadata" "--no-deps" "--format-version=1", kill_on_drop: false }`
[INFO] [stdout] 7b66c1892ac71dbe4602d7a0a3ba959691920753925866fe13973e3e3f4b6da3
[INFO] running `Command { std: "docker" "start" "-a" "7b66c1892ac71dbe4602d7a0a3ba959691920753925866fe13973e3e3f4b6da3", kill_on_drop: false }`
[INFO] running `Command { std: "docker" "inspect" "7b66c1892ac71dbe4602d7a0a3ba959691920753925866fe13973e3e3f4b6da3", kill_on_drop: false }`
[INFO] running `Command { std: "docker" "rm" "-f" "7b66c1892ac71dbe4602d7a0a3ba959691920753925866fe13973e3e3f4b6da3", kill_on_drop: false }`
[INFO] [stdout] 7b66c1892ac71dbe4602d7a0a3ba959691920753925866fe13973e3e3f4b6da3
[INFO] running `Command { std: "docker" "create" "-v" "/var/lib/crater-agent-workspace/builds/worker-0-tc2/target:/opt/rustwide/target:rw,Z" "-v" "/var/lib/crater-agent-workspace/builds/worker-0-tc2/source:/opt/rustwide/workdir:ro,Z" "-v" "/var/lib/crater-agent-workspace/cargo-home:/opt/rustwide/cargo-home:ro,Z" "-v" "/var/lib/crater-agent-workspace/rustup-home:/opt/rustwide/rustup-home:ro,Z" "-e" "SOURCE_DIR=/opt/rustwide/workdir" "-e" "CARGO_TARGET_DIR=/opt/rustwide/target" "-e" "CARGO_INCREMENTAL=0" "-e" "RUST_BACKTRACE=full" "-e" "RUSTFLAGS=--cap-lints=forbid" "-e" "RUSTDOCFLAGS=--cap-lints=forbid" "-e" "CARGO_HOME=/opt/rustwide/cargo-home" "-e" "RUSTUP_HOME=/opt/rustwide/rustup-home" "-w" "/opt/rustwide/workdir" "-m" "1610612736" "--user" "0:0" "--network" "none" "ghcr.io/rust-lang/crates-build-env/linux@sha256:19e73879b68f455e41552ea35293514db52ea292d993f571636dbffedb77a1ee" "/opt/rustwide/cargo-home/bin/cargo" "+e6e4f7ed1589e03bc2f6c5931c1a72e7947e8682" "check" "--frozen" "--all" "--all-targets" "--message-format=json", kill_on_drop: false }`
[INFO] [stdout] 2b0decd298d350feb5a7ccd530c34eb61a5101cc23b248ba7194925dc6c484e0
[INFO] running `Command { std: "docker" "start" "-a" "2b0decd298d350feb5a7ccd530c34eb61a5101cc23b248ba7194925dc6c484e0", kill_on_drop: false }`
[INFO] [stderr] warning: profiles for the non root package will be ignored, specify profiles at the workspace root:
[INFO] [stderr] package:   /opt/rustwide/workdir/quoridor-wasm/Cargo.toml
[INFO] [stderr] workspace: /opt/rustwide/workdir/Cargo.toml
[INFO] [stderr]    Compiling proc-macro2 v1.0.26
[INFO] [stderr]    Compiling syn v1.0.72
[INFO] [stderr]    Compiling once_cell v1.7.2
[INFO] [stderr]    Compiling wasm-bindgen-shared v0.2.73
[INFO] [stderr]    Compiling memchr v2.4.0
[INFO] [stderr]     Checking crossbeam v0.3.2
[INFO] [stderr]     Checking aho-corasick v0.7.18
[INFO] [stderr]     Checking rand v0.4.6
[INFO] [stderr]     Checking smallvec v0.6.14
[INFO] [stderr]    Compiling wasm-bindgen v0.2.73
[INFO] [stderr]     Checking tapir v1.0.1
[INFO] [stderr]    Compiling cast v0.2.5
[INFO] [stderr]     Checking crossbeam-epoch v0.9.4
[INFO] [stderr]     Checking atty v0.2.14
[INFO] [stderr]    Compiling indexmap v1.6.2
[INFO] [stderr]    Compiling unindent v0.1.7
[INFO] [stderr]     Checking rubot v0.3.0
[INFO] [stderr]    Compiling inventory v0.1.10
[INFO] [stderr]     Checking mio v0.7.11
[INFO] [stderr]    Compiling paste-impl v0.1.18
[INFO] [stderr]     Checking crossbeam-deque v0.8.0
[INFO] [stderr]     Checking csv-core v0.1.10
[INFO] [stderr]    Compiling pyo3 v0.13.2
[INFO] [stderr]     Checking clap v2.33.3
[INFO] [stderr]     Checking plotters v0.3.0
[INFO] [stderr]     Checking rayon-core v1.9.0
[INFO] [stderr]     Checking signal-hook v0.1.17
[INFO] [stderr]     Checking itertools v0.10.0
[INFO] [stderr]     Checking textwrap v0.12.1
[INFO] [stderr]     Checking criterion-plot v0.4.3
[INFO] [stderr]     Checking os_str_bytes v2.4.0
[INFO] [stderr]     Checking crossterm v0.19.0
[INFO] [stderr]     Checking mcts v0.3.0
[INFO] [stderr]     Checking regex v1.5.4
[INFO] [stderr]     Checking rayon v1.5.0
[INFO] [stderr]    Compiling quote v1.0.9
[INFO] [stderr]     Checking paste v0.1.18
[INFO] [stderr]    Compiling proc-macro-error-attr v1.0.4
[INFO] [stderr]    Compiling wasm-bindgen-test-macro v0.3.23
[INFO] [stderr]    Compiling wasm-bindgen-backend v0.2.73
[INFO] [stderr]    Compiling pyo3-macros-backend v0.13.2
[INFO] [stderr]    Compiling proc-macro-error v1.0.4
[INFO] [stderr]    Compiling serde_derive v1.0.125
[INFO] [stderr]    Compiling parse-display-derive v0.4.1
[INFO] [stderr]    Compiling ghost v0.1.2
[INFO] [stderr]    Compiling inventory-impl v0.1.10
[INFO] [stderr]    Compiling ctor v0.1.20
[INFO] [stderr]    Compiling indoc-impl v0.3.6
[INFO] [stderr]    Compiling clap_derive v3.0.0-beta.2
[INFO] [stderr]    Compiling wasm-bindgen-macro-support v0.2.73
[INFO] [stderr]    Compiling pyo3-macros v0.13.2
[INFO] [stderr]     Checking indoc v0.3.6
[INFO] [stderr]    Compiling wasm-bindgen-macro v0.2.73
[INFO] [stderr]     Checking clap v3.0.0-beta.2
[INFO] [stderr]     Checking parse-display v0.4.1
[INFO] [stderr]     Checking serde v1.0.125
[INFO] [stderr]     Checking serde_json v1.0.64
[INFO] [stderr]     Checking quoridor-game v0.1.0 (/opt/rustwide/workdir/quoridor-game)
[INFO] [stderr]     Checking bstr v0.2.16
[INFO] [stderr]     Checking serde_cbor v0.11.1
[INFO] [stderr]     Checking quoridor-ai v0.1.0 (/opt/rustwide/workdir/quoridor-ai)
[INFO] [stderr]     Checking quoridor-python v0.1.0 (/opt/rustwide/workdir/quoridor-python)
[INFO] [stderr]     Checking test_runner v0.1.0 (/opt/rustwide/workdir/test_runner)
[INFO] [stdout] error[E0599]: no variant or associated item named `MoveToken` found for enum `Move` in the current scope
[INFO] [stdout]    --> quoridor-python/src/lib.rs:108:55
[INFO] [stdout]     |
[INFO] [stdout] 108 |                 .is_legal(self.current_player, &Move::MoveToken(*direction))
[INFO] [stdout]     |                                                       ^^^^^^^^^
[INFO] [stdout]     |                                                       |
[INFO] [stdout]     |                                                       variant or associated item not found in `Move`
[INFO] [stdout]     |                                                       help: there is a variant with a similar name: `MoveTo`
[INFO] [stdout] 
[INFO] [stdout] 
[INFO] [stdout] error[E0599]: no variant or associated item named `MoveToken` found for enum `Move` in the current scope
[INFO] [stdout]    --> quoridor-python/src/lib.rs:108:55
[INFO] [stdout]     |
[INFO] [stdout] 108 |                 .is_legal(self.current_player, &Move::MoveToken(*direction))
[INFO] [stdout]     |                                                       ^^^^^^^^^
[INFO] [stdout]     |                                                       |
[INFO] [stdout]     |                                                       variant or associated item not found in `Move`
[INFO] [stdout]     |                                                       help: there is a variant with a similar name: `MoveTo`
[INFO] [stdout] 
[INFO] [stdout] 
[INFO] [stdout] error[E0599]: no variant or associated item named `MoveToken` found for enum `Move` in the current scope
[INFO] [stdout]    --> quoridor-python/src/lib.rs:144:36
[INFO] [stdout]     |
[INFO] [stdout] 144 |             apply_move(self, Move::MoveToken(*direction))
[INFO] [stdout]     |                                    ^^^^^^^^^
[INFO] [stdout]     |                                    |
[INFO] [stdout]     |                                    variant or associated item not found in `Move`
[INFO] [stdout]     |                                    help: there is a variant with a similar name: `MoveTo`
[INFO] [stdout] 
[INFO] [stdout] 
[INFO] [stdout] error[E0599]: no variant or associated item named `MoveToken` found for enum `Move` in the current scope
[INFO] [stdout]    --> quoridor-python/src/lib.rs:144:36
[INFO] [stdout]     |
[INFO] [stdout] 144 |             apply_move(self, Move::MoveToken(*direction))
[INFO] [stdout]     |                                    ^^^^^^^^^
[INFO] [stdout]     |                                    |
[INFO] [stdout]     |                                    variant or associated item not found in `Move`
[INFO] [stdout]     |                                    help: there is a variant with a similar name: `MoveTo`
[INFO] [stdout] 
[INFO] [stdout] 
[INFO] [stdout] error[E0599]: no variant or associated item named `MoveToken` found for enum `Move` in the current scope
[INFO] [stdout]    --> quoridor-python/src/lib.rs:153:19
[INFO] [stdout]     |
[INFO] [stdout] 153 |             Move::MoveToken(match direction {
[INFO] [stdout]     |                   ^^^^^^^^^
[INFO] [stdout]     |                   |
[INFO] [stdout]     |                   variant or associated item not found in `Move`
[INFO] [stdout]     |                   help: there is a variant with a similar name: `MoveTo`
[INFO] [stdout] 
[INFO] [stdout] 
[INFO] [stdout] error[E0599]: no variant or associated item named `MoveToken` found for enum `Move` in the current scope
[INFO] [stdout]    --> quoridor-python/src/lib.rs:153:19
[INFO] [stdout]     |
[INFO] [stdout] 153 |             Move::MoveToken(match direction {
[INFO] [stdout]     |                   ^^^^^^^^^
[INFO] [stdout]     |                   |
[INFO] [stdout]     |                   variant or associated item not found in `Move`
[INFO] [stdout]     |                   help: there is a variant with a similar name: `MoveTo`
[INFO] [stdout] 
[INFO] [stdout] 
[INFO] [stdout] error[E0308]: mismatched types
[INFO] [stdout]    --> quoridor-python/src/lib.rs:200:40
[INFO] [stdout]     |
[INFO] [stdout] 200 |         self.board.is_passible((x, y), direction)
[INFO] [stdout]     |                    -----------         ^^^^^^^^^ expected `(u8, u8)`, found `Direction`
[INFO] [stdout]     |                    |
[INFO] [stdout]     |                    arguments to this method are incorrect
[INFO] [stdout]     |
[INFO] [stdout]     = note: expected tuple `(u8, u8)`
[INFO] [stdout]                 found enum `Direction`
[INFO] [stdout] note: method defined here
[INFO] [stdout]    --> /opt/rustwide/workdir/quoridor-game/src/lib.rs:116:8
[INFO] [stdout]     |
[INFO] [stdout] 116 |     fn is_passible(&self, location: (u8, u8), new_location: (u8, u8)) -> bool;
[INFO] [stdout]     |        ^^^^^^^^^^^
[INFO] [stdout] 
[INFO] [stdout] 
[INFO] [stdout] error[E0308]: mismatched types
[INFO] [stdout]    --> quoridor-python/src/lib.rs:200:40
[INFO] [stdout]     |
[INFO] [stdout] 200 |         self.board.is_passible((x, y), direction)
[INFO] [stdout]     |                    -----------         ^^^^^^^^^ expected `(u8, u8)`, found `Direction`
[INFO] [stdout]     |                    |
[INFO] [stdout]     |                    arguments to this method are incorrect
[INFO] [stdout]     |
[INFO] [stdout]     = note: expected tuple `(u8, u8)`
[INFO] [stdout]                 found enum `Direction`
[INFO] [stdout] note: method defined here
[INFO] [stdout]    --> /opt/rustwide/workdir/quoridor-game/src/lib.rs:116:8
[INFO] [stdout]     |
[INFO] [stdout] 116 |     fn is_passible(&self, location: (u8, u8), new_location: (u8, u8)) -> bool;
[INFO] [stdout]     |        ^^^^^^^^^^^
[INFO] [stdout] 
[INFO] [stdout] 
[INFO] [stderr]     Checking csv v1.1.6
[INFO] [stdout] error: aborting due to 4 previous errors
[INFO] [stdout] 
[INFO] [stdout] 
[INFO] [stdout] Some errors have detailed explanations: E0308, E0599.
[INFO] [stdout] 
[INFO] [stdout] For more information about an error, try `rustc --explain E0308`.
[INFO] [stdout] 
[INFO] [stdout] error: aborting due to 4 previous errors
[INFO] [stdout] 
[INFO] [stdout] 
[INFO] [stdout] Some errors have detailed explanations: E0308, E0599.
[INFO] [stdout] 
[INFO] [stdout] For more information about an error, try `rustc --explain E0308`.
[INFO] [stdout] 
[INFO] [stderr] error: could not compile `quoridor-python` (lib) due to 5 previous errors
[INFO] [stderr] warning: build failed, waiting for other jobs to finish...
[INFO] [stderr] error: could not compile `quoridor-python` (lib test) due to 5 previous errors
[INFO] running `Command { std: "docker" "inspect" "2b0decd298d350feb5a7ccd530c34eb61a5101cc23b248ba7194925dc6c484e0", kill_on_drop: false }`
[INFO] running `Command { std: "docker" "rm" "-f" "2b0decd298d350feb5a7ccd530c34eb61a5101cc23b248ba7194925dc6c484e0", kill_on_drop: false }`
[INFO] [stdout] 2b0decd298d350feb5a7ccd530c34eb61a5101cc23b248ba7194925dc6c484e0
